[INFO] cloning repository https://github.com/ghedamat/rust-file-mover
[INFO] running `Command { std: "git" "-c" "credential.helper=" "-c" "credential.helper=/workspace/cargo-home/bin/git-credential-null" "clone" "--bare" "https://github.com/ghedamat/rust-file-mover" "/workspace/cache/git-repos/https%3A%2F%2Fgithub.com%2Fghedamat%2Frust-file-mover", kill_on_drop: false }`
[INFO] [stderr] Cloning into bare repository '/workspace/cache/git-repos/https%3A%2F%2Fgithub.com%2Fghedamat%2Frust-file-mover'...
[INFO] running `Command { std: "git" "rev-parse" "HEAD", kill_on_drop: false }`
[INFO] [stdout] 2d08ef2a5948c52ce4fbe92a27913b6f2c0ca3fb
[INFO] building ghedamat/rust-file-mover against master#ff34b919075f35a1787659e9c448a34b06bab8de for issue-85264
[INFO] running `Command { std: "git" "clone" "/workspace/cache/git-repos/https%3A%2F%2Fgithub.com%2Fghedamat%2Frust-file-mover" "/workspace/builds/worker-11/source", kill_on_drop: false }`
[INFO] [stderr] Cloning into '/workspace/builds/worker-11/source'...
[INFO] [stderr] done.
[INFO] validating manifest of git repo https://github.com/ghedamat/rust-file-mover on toolchain ff34b919075f35a1787659e9c448a34b06bab8de
[INFO] running `Command { std: "/workspace/cargo-home/bin/cargo" "+ff34b919075f35a1787659e9c448a34b06bab8de" "metadata" "--manifest-path" "Cargo.toml" "--no-deps", kill_on_drop: false }`
[INFO] started tweaking git repo https://github.com/ghedamat/rust-file-mover
[INFO] finished tweaking git repo https://github.com/ghedamat/rust-file-mover
[INFO] tweaked toml for git repo https://github.com/ghedamat/rust-file-mover written to /workspace/builds/worker-11/source/Cargo.toml
[INFO] crate git repo https://github.com/ghedamat/rust-file-mover already has a lockfile, it will not be regenerated
[INFO] running `Command { std: "/workspace/cargo-home/bin/cargo" "+ff34b919075f35a1787659e9c448a34b06bab8de" "fetch" "--manifest-path" "Cargo.toml", kill_on_drop: false }`
[INFO] [stderr]     Updating git repository `https://github.com/docopt/docopt.rs`
[INFO] running `Command { std: "docker" "create" "-v" "/var/lib/crater-agent-workspace/builds/worker-11/target:/opt/rustwide/target:rw,Z" "-v" "/var/lib/crater-agent-workspace/builds/worker-11/source:/opt/rustwide/workdir:ro,Z" "-v" "/var/lib/crater-agent-workspace/cargo-home:/opt/rustwide/cargo-home:ro,Z" "-v" "/var/lib/crater-agent-workspace/rustup-home:/opt/rustwide/rustup-home:ro,Z" "-e" "SOURCE_DIR=/opt/rustwide/workdir" "-e" "CARGO_TARGET_DIR=/opt/rustwide/target" "-e" "CARGO_HOME=/opt/rustwide/cargo-home" "-e" "RUSTUP_HOME=/opt/rustwide/rustup-home" "-w" "/opt/rustwide/workdir" "-m" "1610612736" "--user" "0:0" "--network" "none" "ghcr.io/rust-lang/crates-build-env/linux@sha256:20528e8c29e4536546f0102ce88568b16ea7538393a33fcca951030f7af10457" "/opt/rustwide/cargo-home/bin/cargo" "+ff34b919075f35a1787659e9c448a34b06bab8de" "metadata" "--no-deps" "--format-version=1", kill_on_drop: false }`
[INFO] [stdout] f5ad819578dc4b08f430e49b76e555a561a92791b90f9978455556bf6740ca63
[INFO] [stderr] WARNING: Your kernel does not support swap limit capabilities or the cgroup is not mounted. Memory limited without swap.
[INFO] running `Command { std: "docker" "start" "-a" "f5ad819578dc4b08f430e49b76e555a561a92791b90f9978455556bf6740ca63", kill_on_drop: false }`
[INFO] running `Command { std: "docker" "inspect" "f5ad819578dc4b08f430e49b76e555a561a92791b90f9978455556bf6740ca63", kill_on_drop: false }`
[INFO] running `Command { std: "docker" "rm" "-f" "f5ad819578dc4b08f430e49b76e555a561a92791b90f9978455556bf6740ca63", kill_on_drop: false }`
[INFO] [stdout] f5ad819578dc4b08f430e49b76e555a561a92791b90f9978455556bf6740ca63
[INFO] running `Command { std: "docker" "create" "-v" "/var/lib/crater-agent-workspace/builds/worker-11/target:/opt/rustwide/target:rw,Z" "-v" "/var/lib/crater-agent-workspace/builds/worker-11/source:/opt/rustwide/workdir:ro,Z" "-v" "/var/lib/crater-agent-workspace/cargo-home:/opt/rustwide/cargo-home:ro,Z" "-v" "/var/lib/crater-agent-workspace/rustup-home:/opt/rustwide/rustup-home:ro,Z" "-e" "SOURCE_DIR=/opt/rustwide/workdir" "-e" "CARGO_TARGET_DIR=/opt/rustwide/target" "-e" "CARGO_INCREMENTAL=0" "-e" "RUST_BACKTRACE=full" "-e" "RUSTFLAGS=--cap-lints=forbid" "-e" "CARGO_HOME=/opt/rustwide/cargo-home" "-e" "RUSTUP_HOME=/opt/rustwide/rustup-home" "-w" "/opt/rustwide/workdir" "-m" "1610612736" "--user" "0:0" "--network" "none" "ghcr.io/rust-lang/crates-build-env/linux@sha256:20528e8c29e4536546f0102ce88568b16ea7538393a33fcca951030f7af10457" "/opt/rustwide/cargo-home/bin/cargo" "+ff34b919075f35a1787659e9c448a34b06bab8de" "build" "--frozen" "--message-format=json", kill_on_drop: false }`
[INFO] [stdout] 3da332e49b314fe0b5676ae86273a87ed57a410e54c6b438c0117a3e07a9832c
[INFO] [stderr] WARNING: Your kernel does not support swap limit capabilities or the cgroup is not mounted. Memory limited without swap.
[INFO] running `Command { std: "docker" "start" "-a" "3da332e49b314fe0b5676ae86273a87ed57a410e54c6b438c0117a3e07a9832c", kill_on_drop: false }`
[INFO] [stderr]    Compiling docopt v0.6.4 (https://github.com/docopt/docopt.rs?rev=21ce1190ef7631f71e52de5e13eb4d131564b82e#21ce1190)
[INFO] [stderr]    Compiling toml v0.1.0 (https://github.com/alexcrichton/toml-rs#8a3ba4c6)
[INFO] [stdout] error: macros that expand to items must be delimited with braces or followed by a semicolon
[INFO] [stdout]    --> /opt/rustwide/cargo-home/git/checkouts/docopt.rs-699d00e832c4f088/21ce119/src/lib.rs:213:18
[INFO] [stdout]     |
[INFO] [stdout] 213 |   macro_rules! werr(
[INFO] [stdout]     |  __________________^
[INFO] [stdout] 214 | |     ($($arg:tt)*) => (
[INFO] [stdout] 215 | |         match std::io::stderr().write_str(format!($($arg)*).as_slice()) {
[INFO] [stdout] 216 | |             Ok(_) => (),
[INFO] [stdout] ...   |
[INFO] [stdout] 219 | |     )
[INFO] [stdout] 220 | | )
[INFO] [stdout]     | |_^
[INFO] [stdout]     |
[INFO] [stdout] help: change the delimiters to curly braces
[INFO] [stdout]     |
[INFO] [stdout] 213 | macro_rules! werr{
[INFO] [stdout] 214 |     ($($arg:tt)*) => (
[INFO] [stdout] 215 |         match std::io::stderr().write_str(format!($($arg)*).as_slice()) {
[INFO] [stdout] 216 |             Ok(_) => (),
[INFO] [stdout] 217 |             Err(err) => fail!("{}", err),
[INFO] [stdout] 218 |         }
[INFO] [stdout]   ...
[INFO] [stdout] help: add a semicolon
[INFO] [stdout]     |
[INFO] [stdout] 220 | );
[INFO] [stdout]     |  ^
[INFO] [stdout] 
[INFO] [stdout] 
[INFO] [stdout] error: incorrect unicode escape sequence
[INFO] [stdout]    --> /opt/rustwide/cargo-home/git/checkouts/toml-rs-a5e9b18b5f3b02a6/8a3ba4c/src/parser.rs:296:42
[INFO] [stdout]     |
[INFO] [stdout] 296 |                 Some((pos, ch)) if ch < '\u001f' => {
[INFO] [stdout]     |                                          ^^^---
[INFO] [stdout]     |                                          |
[INFO] [stdout]     |                                          help: format of unicode escape sequences uses braces: `\u{001f}`
[INFO] [stdout] 
[INFO] [stdout] 
[INFO] [stdout] error: incorrect unicode escape sequence
[INFO] [stdout]    --> /opt/rustwide/cargo-home/git/checkouts/toml-rs-a5e9b18b5f3b02a6/8a3ba4c/src/parser.rs:322:41
[INFO] [stdout]     |
[INFO] [stdout] 322 |                 Some((_, 'b')) => Some('\u0008'),
[INFO] [stdout]     |                                         ^^^---
[INFO] [stdout]     |                                         |
[INFO] [stdout]     |                                         help: format of unicode escape sequences uses braces: `\u{0008}`
[INFO] [stdout] 
[INFO] [stdout] 
[INFO] [stdout] error: macros that expand to items must be delimited with braces or followed by a semicolon
[INFO] [stdout]    --> /opt/rustwide/cargo-home/git/checkouts/docopt.rs-699d00e832c4f088/21ce119/src/lib.rs:633:18
[INFO] [stdout]     |
[INFO] [stdout] 633 |   macro_rules! derr(
[INFO] [stdout]     |  __________________^
[INFO] [stdout] 634 | |     ($($arg:tt)*) => (return Err(Decode(format!($($arg)*))))
[INFO] [stdout] 635 | | )
[INFO] [stdout]     | |_^
[INFO] [stdout]     |
[INFO] [stdout] help: change the delimiters to curly braces
[INFO] [stdout]     |
[INFO] [stdout] 633 | macro_rules! derr{
[INFO] [stdout] 634 |     ($($arg:tt)*) => (return Err(Decode(format!($($arg)*))))
[INFO] [stdout] 635 | }
[INFO] [stdout]     |
[INFO] [stdout] help: add a semicolon
[INFO] [stdout]     |
[INFO] [stdout] 635 | );
[INFO] [stdout]     |  ^
[INFO] [stdout] 
[INFO] [stdout] 
[INFO] [stdout] error: incorrect unicode escape sequence
[INFO] [stdout]    --> /opt/rustwide/cargo-home/git/checkouts/toml-rs-a5e9b18b5f3b02a6/8a3ba4c/src/parser.rs:323:41
[INFO] [stdout]     |
[INFO] [stdout] 323 |                 Some((_, 't')) => Some('\u0009'),
[INFO] [stdout]     |                                         ^^^---
[INFO] [stdout]     |                                         |
[INFO] [stdout]     |                                         help: format of unicode escape sequences uses braces: `\u{0009}`
[INFO] [stdout] 
[INFO] [stdout] 
[INFO] [stdout] error: expected type, found `|`
[INFO] [stdout]    --> /opt/rustwide/cargo-home/git/checkouts/docopt.rs-699d00e832c4f088/21ce119/src/lib.rs:743:24
[INFO] [stdout]     |
[INFO] [stdout] 743 |                     f: |&mut Decoder<'a>| -> Result<T, Error>)
[INFO] [stdout]     |                        ^ expected type
[INFO] [stdout] 
[INFO] [stdout] 
[INFO] [stdout] error: expected one of `:`, `@`, or `|`, found `>`
[INFO] [stdout]    --> /opt/rustwide/cargo-home/git/checkouts/docopt.rs-699d00e832c4f088/21ce119/src/lib.rs:743:61
[INFO] [stdout]     |
[INFO] [stdout] 743 |                     f: |&mut Decoder<'a>| -> Result<T, Error>)
[INFO] [stdout]     |                                                             ^ expected one of `:`, `@`, or `|`
[INFO] [stdout] 
[INFO] [stdout] 
[INFO] [stdout] error: incorrect unicode escape sequence
[INFO] [stdout]    --> /opt/rustwide/cargo-home/git/checkouts/toml-rs-a5e9b18b5f3b02a6/8a3ba4c/src/parser.rs:324:41
[INFO] [stdout]     |
[INFO] [stdout] 324 |                 Some((_, 'n')) => Some('\u000a'),
[INFO] [stdout]     |                                         ^^^---
[INFO] [stdout]     |                                         |
[INFO] [stdout]     |                                         help: format of unicode escape sequences uses braces: `\u{000a}`
[INFO] [stdout] 
[INFO] [stdout] 
[INFO] [stdout] error: expected type, found `|`
[INFO] [stdout]    --> /opt/rustwide/cargo-home/git/checkouts/docopt.rs-699d00e832c4f088/21ce119/src/lib.rs:748:32
[INFO] [stdout]     |
[INFO] [stdout] 748 | ...                   f: |&mut Decoder<'a>, uint| -> Result<T, Error>)
[INFO] [stdout]     |                          ^ expected type
[INFO] [stdout] 
[INFO] [stdout] 
[INFO] [stdout] error: incorrect unicode escape sequence
[INFO] [stdout]    --> /opt/rustwide/cargo-home/git/checkouts/toml-rs-a5e9b18b5f3b02a6/8a3ba4c/src/parser.rs:325:41
[INFO] [stdout]     |
[INFO] [stdout] 325 |                 Some((_, 'f')) => Some('\u000c'),
[INFO] [stdout]     |                                         ^^^---
[INFO] [stdout]     |                                         |
[INFO] [stdout]     |                                         help: format of unicode escape sequences uses braces: `\u{000c}`
[INFO] [stdout] 
[INFO] [stdout] 
[INFO] [stdout] error: expected parameter name, found `->`
[INFO] [stdout]    --> /opt/rustwide/cargo-home/git/checkouts/docopt.rs-699d00e832c4f088/21ce119/src/lib.rs:748:57
[INFO] [stdout]     |
[INFO] [stdout] 748 | ...                   f: |&mut Decoder<'a>, uint| -> Result<T, Error>)
[INFO] [stdout]     |                                             ----  ^^ expected parameter name
[INFO] [stdout]     |                                             |
[INFO] [stdout]     |                                             while parsing this or-pattern starting here
[INFO] [stdout] 
[INFO] [stdout] 
[INFO] [stdout] error: incorrect unicode escape sequence
[INFO] [stdout]    --> /opt/rustwide/cargo-home/git/checkouts/toml-rs-a5e9b18b5f3b02a6/8a3ba4c/src/parser.rs:326:41
[INFO] [stdout]     |
[INFO] [stdout] 326 |                 Some((_, 'r')) => Some('\u000d'),
[INFO] [stdout]     |                                         ^^^---
[INFO] [stdout]     |                                         |
[INFO] [stdout]     |                                         help: format of unicode escape sequences uses braces: `\u{000d}`
[INFO] [stdout] 
[INFO] [stdout] 
[INFO] [stdout] error: expected one of `:`, `@`, or `|`, found `>`
[INFO] [stdout]    --> /opt/rustwide/cargo-home/git/checkouts/docopt.rs-699d00e832c4f088/21ce119/src/lib.rs:748:75
[INFO] [stdout]     |
[INFO] [stdout] 748 | ...                   f: |&mut Decoder<'a>, uint| -> Result<T, Error>)
[INFO] [stdout]     |                                                                     ^ expected one of `:`, `@`, or `|`
[INFO] [stdout] 
[INFO] [stdout] 
[INFO] [stdout] error: incorrect unicode escape sequence
[INFO] [stdout]    --> /opt/rustwide/cargo-home/git/checkouts/toml-rs-a5e9b18b5f3b02a6/8a3ba4c/src/parser.rs:327:41
[INFO] [stdout]     |
[INFO] [stdout] 327 |                 Some((_, '"')) => Some('\u0022'),
[INFO] [stdout]     |                                         ^^^---
[INFO] [stdout]     |                                         |
[INFO] [stdout]     |                                         help: format of unicode escape sequences uses braces: `\u{0022}`
[INFO] [stdout] 
[INFO] [stdout] 
[INFO] [stdout] error: expected type, found `|`
[INFO] [stdout]    --> /opt/rustwide/cargo-home/git/checkouts/docopt.rs-699d00e832c4f088/21ce119/src/lib.rs:764:12
[INFO] [stdout]     |
[INFO] [stdout] 764 |         f: |&mut Decoder<'a>| -> Result<T, Error>) -> Result<T, Error> {
[INFO] [stdout]     |            ^ expected type
[INFO] [stdout] 
[INFO] [stdout] 
[INFO] [stdout] error: expected one of `:`, `@`, or `|`, found `>`
[INFO] [stdout]    --> /opt/rustwide/cargo-home/git/checkouts/docopt.rs-699d00e832c4f088/21ce119/src/lib.rs:764:49
[INFO] [stdout]     |
[INFO] [stdout] 764 |         f: |&mut Decoder<'a>| -> Result<T, Error>) -> Result<T, Error> {
[INFO] [stdout]     |                                                 ^ expected one of `:`, `@`, or `|`
[INFO] [stdout] 
[INFO] [stdout] 
[INFO] [stdout] error: incorrect unicode escape sequence
[INFO] [stdout]    --> /opt/rustwide/cargo-home/git/checkouts/toml-rs-a5e9b18b5f3b02a6/8a3ba4c/src/parser.rs:328:41
[INFO] [stdout]     |
[INFO] [stdout] 328 |                 Some((_, '/')) => Some('\u002f'),
[INFO] [stdout]     |                                         ^^^---
[INFO] [stdout]     |                                         |
[INFO] [stdout]     |                                         help: format of unicode escape sequences uses braces: `\u{002f}`
[INFO] [stdout] 
[INFO] [stdout] 
[INFO] [stdout] error: expected type, found `|`
[INFO] [stdout]    --> /opt/rustwide/cargo-home/git/checkouts/docopt.rs-699d00e832c4f088/21ce119/src/lib.rs:769:12
[INFO] [stdout]     |
[INFO] [stdout] 769 |         f: |&mut Decoder<'a>, uint| -> Result<T, Error>) -> Result<T, Error> {
[INFO] [stdout]     |            ^ expected type
[INFO] [stdout] 
[INFO] [stdout] 
[INFO] [stdout] error: incorrect unicode escape sequence
[INFO] [stdout]    --> /opt/rustwide/cargo-home/git/checkouts/toml-rs-a5e9b18b5f3b02a6/8a3ba4c/src/parser.rs:329:42
[INFO] [stdout]     |
[INFO] [stdout] 329 |                 Some((_, '\\')) => Some('\u005c'),
[INFO] [stdout]     |                                          ^^^---
[INFO] [stdout]     |                                          |
[INFO] [stdout]     |                                          help: format of unicode escape sequences uses braces: `\u{005c}`
[INFO] [stdout] 
[INFO] [stdout] 
[INFO] [stdout] error: expected parameter name, found `->`
[INFO] [stdout]    --> /opt/rustwide/cargo-home/git/checkouts/docopt.rs-699d00e832c4f088/21ce119/src/lib.rs:769:37
[INFO] [stdout]     |
[INFO] [stdout] 769 |         f: |&mut Decoder<'a>, uint| -> Result<T, Error>) -> Result<T, Error> {
[INFO] [stdout]     |                               ----  ^^ expected parameter name
[INFO] [stdout]     |                               |
[INFO] [stdout]     |                               while parsing this or-pattern starting here
[INFO] [stdout] 
[INFO] [stdout] 
[INFO] [stdout] error: invalid suffix `u` for number literal
[INFO] [stdout]    --> /opt/rustwide/cargo-home/git/checkouts/toml-rs-a5e9b18b5f3b02a6/8a3ba4c/src/parser.rs:478:28
[INFO] [stdout]     |
[INFO] [stdout] 478 |             for _ in range(0u, 4u) {
[INFO] [stdout]     |                            ^^ invalid suffix `u`
[INFO] [stdout]     |
[INFO] [stdout]     = help: the suffix must be one of the numeric types (`u32`, `isize`, `f32`, etc.)
[INFO] [stdout] 
[INFO] [stdout] 
[INFO] [stdout] error: expected one of `:`, `@`, or `|`, found `>`
[INFO] [stdout]    --> /opt/rustwide/cargo-home/git/checkouts/docopt.rs-699d00e832c4f088/21ce119/src/lib.rs:769:55
[INFO] [stdout]     |
[INFO] [stdout] 769 |         f: |&mut Decoder<'a>, uint| -> Result<T, Error>) -> Result<T, Error> {
[INFO] [stdout]     |                                                       ^ expected one of `:`, `@`, or `|`
[INFO] [stdout] 
[INFO] [stdout] 
[INFO] [stdout] error: invalid suffix `u` for number literal
[INFO] [stdout]    --> /opt/rustwide/cargo-home/git/checkouts/toml-rs-a5e9b18b5f3b02a6/8a3ba4c/src/parser.rs:478:32
[INFO] [stdout]     |
[INFO] [stdout] 478 |             for _ in range(0u, 4u) {
[INFO] [stdout]     |                                ^^ invalid suffix `u`
[INFO] [stdout]     |
[INFO] [stdout]     = help: the suffix must be one of the numeric types (`u32`, `isize`, `f32`, etc.)
[INFO] [stdout] 
[INFO] [stdout] 
[INFO] [stdout] error: expected type, found `|`
[INFO] [stdout]    --> /opt/rustwide/cargo-home/git/checkouts/docopt.rs-699d00e832c4f088/21ce119/src/lib.rs:774:12
[INFO] [stdout]     |
[INFO] [stdout] 774 |         f: |&mut Decoder<'a>| -> Result<T, Error>) -> Result<T, Error> {
[INFO] [stdout]     |            ^ expected type
[INFO] [stdout] 
[INFO] [stdout] 
[INFO] [stdout] error: expected one of `:`, `@`, or `|`, found `>`
[INFO] [stdout]    --> /opt/rustwide/cargo-home/git/checkouts/docopt.rs-699d00e832c4f088/21ce119/src/lib.rs:774:49
[INFO] [stdout]     |
[INFO] [stdout] 774 |         f: |&mut Decoder<'a>| -> Result<T, Error>) -> Result<T, Error> {
[INFO] [stdout]     |                                                 ^ expected one of `:`, `@`, or `|`
[INFO] [stdout] 
[INFO] [stdout] 
[INFO] [stdout] error: invalid suffix `u` for number literal
[INFO] [stdout]    --> /opt/rustwide/cargo-home/git/checkouts/toml-rs-a5e9b18b5f3b02a6/8a3ba4c/src/parser.rs:483:28
[INFO] [stdout]     |
[INFO] [stdout] 483 |             for _ in range(0u, 5u) {
[INFO] [stdout]     |                            ^^ invalid suffix `u`
[INFO] [stdout]     |
[INFO] [stdout]     = help: the suffix must be one of the numeric types (`u32`, `isize`, `f32`, etc.)
[INFO] [stdout] 
[INFO] [stdout] 
[INFO] [stdout] error: expected type, found `|`
[INFO] [stdout]    --> /opt/rustwide/cargo-home/git/checkouts/docopt.rs-699d00e832c4f088/21ce119/src/lib.rs:778:26
[INFO] [stdout]     |
[INFO] [stdout] 778 |                       f: |&mut Decoder<'a>| -> Result<T, Error>)
[INFO] [stdout]     |                          ^ expected type
[INFO] [stdout] 
[INFO] [stdout] 
[INFO] [stdout] error: invalid suffix `u` for number literal
[INFO] [stdout]    --> /opt/rustwide/cargo-home/git/checkouts/toml-rs-a5e9b18b5f3b02a6/8a3ba4c/src/parser.rs:483:32
[INFO] [stdout]     |
[INFO] [stdout] 483 |             for _ in range(0u, 5u) {
[INFO] [stdout]     |                                ^^ invalid suffix `u`
[INFO] [stdout]     |
[INFO] [stdout]     = help: the suffix must be one of the numeric types (`u32`, `isize`, `f32`, etc.)
[INFO] [stdout] 
[INFO] [stdout] 
[INFO] [stdout] error: expected one of `:`, `@`, or `|`, found `>`
[INFO] [stdout]    --> /opt/rustwide/cargo-home/git/checkouts/docopt.rs-699d00e832c4f088/21ce119/src/lib.rs:778:63
[INFO] [stdout]     |
[INFO] [stdout] 778 |                       f: |&mut Decoder<'a>| -> Result<T, Error>)
[INFO] [stdout]     |                                                               ^ expected one of `:`, `@`, or `|`
[INFO] [stdout] 
[INFO] [stdout] 
[INFO] [stdout] error: invalid suffix `u` for number literal
[INFO] [stdout]    --> /opt/rustwide/cargo-home/git/checkouts/toml-rs-a5e9b18b5f3b02a6/8a3ba4c/src/parser.rs:501:24
[INFO] [stdout]     |
[INFO] [stdout] 501 |         for _ in range(0u, 15u) {
[INFO] [stdout]     |                        ^^ invalid suffix `u`
[INFO] [stdout]     |
[INFO] [stdout]     = help: the suffix must be one of the numeric types (`u32`, `isize`, `f32`, etc.)
[INFO] [stdout] 
[INFO] [stdout] 
[INFO] [stdout] error: expected type, found `|`
[INFO] [stdout]    --> /opt/rustwide/cargo-home/git/checkouts/docopt.rs-699d00e832c4f088/21ce119/src/lib.rs:783:32
[INFO] [stdout]     |
[INFO] [stdout] 783 | ...                   f: |&mut Decoder<'a>| -> Result<T, Error>)
[INFO] [stdout]     |                          ^ expected type
[INFO] [stdout] 
[INFO] [stdout] 
[INFO] [stdout] error: invalid suffix `u` for number literal
[INFO] [stdout]    --> /opt/rustwide/cargo-home/git/checkouts/toml-rs-a5e9b18b5f3b02a6/8a3ba4c/src/parser.rs:501:28
[INFO] [stdout]     |
[INFO] [stdout] 501 |         for _ in range(0u, 15u) {
[INFO] [stdout]     |                            ^^^ invalid suffix `u`
[INFO] [stdout]     |
[INFO] [stdout]     = help: the suffix must be one of the numeric types (`u32`, `isize`, `f32`, etc.)
[INFO] [stdout] 
[INFO] [stdout] 
[INFO] [stdout] error: expected one of `:`, `@`, or `|`, found `>`
[INFO] [stdout]    --> /opt/rustwide/cargo-home/git/checkouts/docopt.rs-699d00e832c4f088/21ce119/src/lib.rs:783:69
[INFO] [stdout]     |
[INFO] [stdout] 783 | ...                   f: |&mut Decoder<'a>| -> Result<T, Error>)
[INFO] [stdout]     |                                                               ^ expected one of `:`, `@`, or `|`
[INFO] [stdout] 
[INFO] [stdout] 
[INFO] [stdout] error: expected type, found `|`
[INFO] [stdout]    --> /opt/rustwide/cargo-home/git/checkouts/docopt.rs-699d00e832c4f088/21ce119/src/lib.rs:789:25
[INFO] [stdout]     |
[INFO] [stdout] 789 |                      f: |&mut Decoder<'a>, uint| -> Result<T, Error>)
[INFO] [stdout]     |                         ^ expected type
[INFO] [stdout] 
[INFO] [stdout] 
[INFO] [stdout] error: expected parameter name, found `->`
[INFO] [stdout]    --> /opt/rustwide/cargo-home/git/checkouts/docopt.rs-699d00e832c4f088/21ce119/src/lib.rs:789:50
[INFO] [stdout]     |
[INFO] [stdout] 789 |                      f: |&mut Decoder<'a>, uint| -> Result<T, Error>)
[INFO] [stdout]     |                                            ----  ^^ expected parameter name
[INFO] [stdout]     |                                            |
[INFO] [stdout]     |                                            while parsing this or-pattern starting here
[INFO] [stdout] 
[INFO] [stdout] 
[INFO] [stdout] error: expected one of `:`, `@`, or `|`, found `>`
[INFO] [stdout]    --> /opt/rustwide/cargo-home/git/checkouts/docopt.rs-699d00e832c4f088/21ce119/src/lib.rs:789:68
[INFO] [stdout]     |
[INFO] [stdout] 789 |                      f: |&mut Decoder<'a>, uint| -> Result<T, Error>)
[INFO] [stdout]     |                                                                    ^ expected one of `:`, `@`, or `|`
[INFO] [stdout] 
[INFO] [stdout] 
[INFO] [stdout] error: expected type, found `|`
[INFO] [stdout]    --> /opt/rustwide/cargo-home/git/checkouts/docopt.rs-699d00e832c4f088/21ce119/src/lib.rs:794:29
[INFO] [stdout]     |
[INFO] [stdout] 794 |                          f: |&mut Decoder<'a>| -> Result<T, Error>)
[INFO] [stdout]     |                             ^ expected type
[INFO] [stdout] 
[INFO] [stdout] 
[INFO] [stdout] error: expected one of `:`, `@`, or `|`, found `>`
[INFO] [stdout]    --> /opt/rustwide/cargo-home/git/checkouts/docopt.rs-699d00e832c4f088/21ce119/src/lib.rs:794:66
[INFO] [stdout]     |
[INFO] [stdout] 794 |                          f: |&mut Decoder<'a>| -> Result<T, Error>)
[INFO] [stdout]     |                                                                  ^ expected one of `:`, `@`, or `|`
[INFO] [stdout] 
[INFO] [stdout] 
[INFO] [stdout] error: expected type, found `|`
[INFO] [stdout]    --> /opt/rustwide/cargo-home/git/checkouts/docopt.rs-699d00e832c4f088/21ce119/src/lib.rs:799:32
[INFO] [stdout]     |
[INFO] [stdout] 799 | ...                   f: |&mut Decoder<'a>, uint| -> Result<T, Error>)
[INFO] [stdout]     |                          ^ expected type
[INFO] [stdout] 
[INFO] [stdout] 
[INFO] [stdout] error: expected parameter name, found `->`
[INFO] [stdout]    --> /opt/rustwide/cargo-home/git/checkouts/docopt.rs-699d00e832c4f088/21ce119/src/lib.rs:799:57
[INFO] [stdout]     |
[INFO] [stdout] 799 | ...                   f: |&mut Decoder<'a>, uint| -> Result<T, Error>)
[INFO] [stdout]     |                                             ----  ^^ expected parameter name
[INFO] [stdout]     |                                             |
[INFO] [stdout]     |                                             while parsing this or-pattern starting here
[INFO] [stdout] 
[INFO] [stdout] 
[INFO] [stdout] error: expected one of `:`, `@`, or `|`, found `>`
[INFO] [stdout]    --> /opt/rustwide/cargo-home/git/checkouts/docopt.rs-699d00e832c4f088/21ce119/src/lib.rs:799:75
[INFO] [stdout]     |
[INFO] [stdout] 799 | ...                   f: |&mut Decoder<'a>, uint| -> Result<T, Error>)
[INFO] [stdout]     |                                                                     ^ expected one of `:`, `@`, or `|`
[INFO] [stdout] 
[INFO] [stdout] 
[INFO] [stdout] error: expected type, found `|`
[INFO] [stdout]    --> /opt/rustwide/cargo-home/git/checkouts/docopt.rs-699d00e832c4f088/21ce119/src/lib.rs:804:36
[INFO] [stdout]     |
[INFO] [stdout] 804 | ...                   f: |&mut Decoder<'a>| -> Result<T, Error>)
[INFO] [stdout]     |                          ^ expected type
[INFO] [stdout] 
[INFO] [stdout] 
[INFO] [stdout] error: expected one of `:`, `@`, or `|`, found `>`
[INFO] [stdout]    --> /opt/rustwide/cargo-home/git/checkouts/docopt.rs-699d00e832c4f088/21ce119/src/lib.rs:804:73
[INFO] [stdout]     |
[INFO] [stdout] 804 | ...                   f: |&mut Decoder<'a>| -> Result<T, Error>)
[INFO] [stdout]     |                                                               ^ expected one of `:`, `@`, or `|`
[INFO] [stdout] 
[INFO] [stdout] 
[INFO] [stdout] error: expected type, found `|`
[INFO] [stdout]    --> /opt/rustwide/cargo-home/git/checkouts/docopt.rs-699d00e832c4f088/21ce119/src/lib.rs:809:26
[INFO] [stdout]     |
[INFO] [stdout] 809 |                       f: |&mut Decoder<'a>, bool| -> Result<T, Error>)
[INFO] [stdout]     |                          ^ expected type
[INFO] [stdout] 
[INFO] [stdout] 
[INFO] [stdout] error: expected parameter name, found `->`
[INFO] [stdout]    --> /opt/rustwide/cargo-home/git/checkouts/docopt.rs-699d00e832c4f088/21ce119/src/lib.rs:809:51
[INFO] [stdout]     |
[INFO] [stdout] 809 |                       f: |&mut Decoder<'a>, bool| -> Result<T, Error>)
[INFO] [stdout]     |                                             ----  ^^ expected parameter name
[INFO] [stdout]     |                                             |
[INFO] [stdout]     |                                             while parsing this or-pattern starting here
[INFO] [stdout] 
[INFO] [stdout] 
[INFO] [stdout] error: expected one of `:`, `@`, or `|`, found `>`
[INFO] [stdout]    --> /opt/rustwide/cargo-home/git/checkouts/docopt.rs-699d00e832c4f088/21ce119/src/lib.rs:809:69
[INFO] [stdout]     |
[INFO] [stdout] 809 |                       f: |&mut Decoder<'a>, bool| -> Result<T, Error>)
[INFO] [stdout]     |                                                                     ^ expected one of `:`, `@`, or `|`
[INFO] [stdout] 
[INFO] [stdout] 
[INFO] [stdout] error: expected type, found `|`
[INFO] [stdout]    --> /opt/rustwide/cargo-home/git/checkouts/docopt.rs-699d00e832c4f088/21ce119/src/lib.rs:821:23
[INFO] [stdout]     |
[INFO] [stdout] 821 |                    f: |&mut Decoder<'a>, uint| -> Result<T, Error>)
[INFO] [stdout]     |                       ^ expected type
[INFO] [stdout] 
[INFO] [stdout] 
[INFO] [stdout] error: expected parameter name, found `->`
[INFO] [stdout]    --> /opt/rustwide/cargo-home/git/checkouts/docopt.rs-699d00e832c4f088/21ce119/src/lib.rs:821:48
[INFO] [stdout]     |
[INFO] [stdout] 821 |                    f: |&mut Decoder<'a>, uint| -> Result<T, Error>)
[INFO] [stdout]     |                                          ----  ^^ expected parameter name
[INFO] [stdout]     |                                          |
[INFO] [stdout]     |                                          while parsing this or-pattern starting here
[INFO] [stdout] 
[INFO] [stdout] 
[INFO] [stdout] error: expected one of `:`, `@`, or `|`, found `>`
[INFO] [stdout]    --> /opt/rustwide/cargo-home/git/checkouts/docopt.rs-699d00e832c4f088/21ce119/src/lib.rs:821:66
[INFO] [stdout]     |
[INFO] [stdout] 821 |                    f: |&mut Decoder<'a>, uint| -> Result<T, Error>)
[INFO] [stdout]     |                                                                  ^ expected one of `:`, `@`, or `|`
[INFO] [stdout] 
[INFO] [stdout] 
[INFO] [stdout] error: expected type, found `|`
[INFO] [stdout]    --> /opt/rustwide/cargo-home/git/checkouts/docopt.rs-699d00e832c4f088/21ce119/src/lib.rs:836:27
[INFO] [stdout]     |
[INFO] [stdout] 836 |                        f: |&mut Decoder<'a>| -> Result<T, Error>)
[INFO] [stdout]     |                           ^ expected type
[INFO] [stdout] 
[INFO] [stdout] 
[INFO] [stdout] error: expected one of `:`, `@`, or `|`, found `>`
[INFO] [stdout]    --> /opt/rustwide/cargo-home/git/checkouts/docopt.rs-699d00e832c4f088/21ce119/src/lib.rs:836:64
[INFO] [stdout]     |
[INFO] [stdout] 836 |                        f: |&mut Decoder<'a>| -> Result<T, Error>)
[INFO] [stdout]     |                                                                ^ expected one of `:`, `@`, or `|`
[INFO] [stdout] 
[INFO] [stdout] 
[INFO] [stdout] error: expected type, found `|`
[INFO] [stdout]    --> /opt/rustwide/cargo-home/git/checkouts/docopt.rs-699d00e832c4f088/21ce119/src/lib.rs:841:23
[INFO] [stdout]     |
[INFO] [stdout] 841 |                    f: |&mut Decoder<'a>, uint| -> Result<T, Error>)
[INFO] [stdout]     |                       ^ expected type
[INFO] [stdout] 
[INFO] [stdout] 
[INFO] [stdout] error: expected parameter name, found `->`
[INFO] [stdout]    --> /opt/rustwide/cargo-home/git/checkouts/docopt.rs-699d00e832c4f088/21ce119/src/lib.rs:841:48
[INFO] [stdout]     |
[INFO] [stdout] 841 |                    f: |&mut Decoder<'a>, uint| -> Result<T, Error>)
[INFO] [stdout]     |                                          ----  ^^ expected parameter name
[INFO] [stdout]     |                                          |
[INFO] [stdout]     |                                          while parsing this or-pattern starting here
[INFO] [stdout] 
[INFO] [stdout] 
[INFO] [stdout] error: expected one of `:`, `@`, or `|`, found `>`
[INFO] [stdout]    --> /opt/rustwide/cargo-home/git/checkouts/docopt.rs-699d00e832c4f088/21ce119/src/lib.rs:841:66
[INFO] [stdout]     |
[INFO] [stdout] 841 |                    f: |&mut Decoder<'a>, uint| -> Result<T, Error>)
[INFO] [stdout]     |                                                                  ^ expected one of `:`, `@`, or `|`
[INFO] [stdout] 
[INFO] [stdout] 
[INFO] [stdout] error: expected type, found `|`
[INFO] [stdout]    --> /opt/rustwide/cargo-home/git/checkouts/docopt.rs-699d00e832c4f088/21ce119/src/lib.rs:846:31
[INFO] [stdout]     |
[INFO] [stdout] 846 | ...                   f: |&mut Decoder<'a>| -> Result<T, Error>)
[INFO] [stdout]     |                          ^ expected type
[INFO] [stdout] 
[INFO] [stdout] 
[INFO] [stdout] error: expected one of `:`, `@`, or `|`, found `>`
[INFO] [stdout]    --> /opt/rustwide/cargo-home/git/checkouts/docopt.rs-699d00e832c4f088/21ce119/src/lib.rs:846:68
[INFO] [stdout]     |
[INFO] [stdout] 846 | ...                   f: |&mut Decoder<'a>| -> Result<T, Error>)
[INFO] [stdout]     |                                                               ^ expected one of `:`, `@`, or `|`
[INFO] [stdout] 
[INFO] [stdout] 
[INFO] [stdout] error: expected type, found `|`
[INFO] [stdout]    --> /opt/rustwide/cargo-home/git/checkouts/docopt.rs-699d00e832c4f088/21ce119/src/lib.rs:851:31
[INFO] [stdout]     |
[INFO] [stdout] 851 | ...                   f: |&mut Decoder<'a>| -> Result<T, Error>)
[INFO] [stdout]     |                          ^ expected type
[INFO] [stdout] 
[INFO] [stdout] 
[INFO] [stdout] error: expected one of `:`, `@`, or `|`, found `>`
[INFO] [stdout]    --> /opt/rustwide/cargo-home/git/checkouts/docopt.rs-699d00e832c4f088/21ce119/src/lib.rs:851:68
[INFO] [stdout]     |
[INFO] [stdout] 851 | ...                   f: |&mut Decoder<'a>| -> Result<T, Error>)
[INFO] [stdout]     |                                                               ^ expected one of `:`, `@`, or `|`
[INFO] [stdout] 
[INFO] [stdout] 
[INFO] [stdout] error: expected type, found `|`
[INFO] [stdout]    --> /opt/rustwide/cargo-home/git/checkouts/docopt.rs-699d00e832c4f088/21ce119/src/lib.rs:902:23
[INFO] [stdout]     |
[INFO] [stdout] 902 | fn with_os_argv<T>(f: |&[&str]| -> T) -> T {
[INFO] [stdout]     |                       ^ expected type
[INFO] [stdout] 
[INFO] [stdout] 
[INFO] [stdout] error[E0557]: feature has been removed
[INFO] [stdout]    --> /opt/rustwide/cargo-home/git/checkouts/docopt.rs-699d00e832c4f088/21ce119/src/lib.rs:194:50
[INFO] [stdout]     |
[INFO] [stdout] 194 | #![feature(plugin_registrar, macro_rules, phase, quote)]
[INFO] [stdout]     |                                                  ^^^^^ feature has been removed
[INFO] [stdout] 
[INFO] [stdout] 
[INFO] [stdout] error: macros that expand to items must be delimited with braces or followed by a semicolon
[INFO] [stdout]   --> /opt/rustwide/cargo-home/git/checkouts/docopt.rs-699d00e832c4f088/21ce119/src/parse.rs:51:17
[INFO] [stdout]    |
[INFO] [stdout] 51 |   macro_rules! err(
[INFO] [stdout]    |  _________________^
[INFO] [stdout] 52 | |     ($($arg:tt)*) => (return Err(format!($($arg)*)))
[INFO] [stdout] 53 | | )
[INFO] [stdout]    | |_^
[INFO] [stdout]    |
[INFO] [stdout] help: change the delimiters to curly braces
[INFO] [stdout]    |
[INFO] [stdout] 51 | macro_rules! err{
[INFO] [stdout] 52 |     ($($arg:tt)*) => (return Err(format!($($arg)*)))
[INFO] [stdout] 53 | }
[INFO] [stdout]    |
[INFO] [stdout] help: add a semicolon
[INFO] [stdout]    |
[INFO] [stdout] 53 | );
[INFO] [stdout]    |  ^
[INFO] [stdout] 
[INFO] [stdout] 
[INFO] [stdout] error: incorrect unicode escape sequence
[INFO] [stdout]   --> /opt/rustwide/cargo-home/git/checkouts/toml-rs-a5e9b18b5f3b02a6/8a3ba4c/src/show.rs:17:26
[INFO] [stdout]    |
[INFO] [stdout] 17 |                         '\u0008' => try!(write!(f, "\\b")),
[INFO] [stdout]    |                          ^^^---
[INFO] [stdout]    |                          |
[INFO] [stdout]    |                          help: format of unicode escape sequences uses braces: `\u{0008}`
[INFO] [stdout] 
[INFO] [stdout] 
[INFO] [stdout] error: incorrect unicode escape sequence
[INFO] [stdout]   --> /opt/rustwide/cargo-home/git/checkouts/toml-rs-a5e9b18b5f3b02a6/8a3ba4c/src/show.rs:18:26
[INFO] [stdout]    |
[INFO] [stdout] 18 |                         '\u0009' => try!(write!(f, "\\t")),
[INFO] [stdout]    |                          ^^^---
[INFO] [stdout]    |                          |
[INFO] [stdout]    |                          help: format of unicode escape sequences uses braces: `\u{0009}`
[INFO] [stdout] 
[INFO] [stdout] 
[INFO] [stdout] error: expected one of `.`, `;`, `?`, `}`, or an operator, found keyword `self`
[INFO] [stdout]    --> /opt/rustwide/cargo-home/git/checkouts/docopt.rs-699d00e832c4f088/21ce119/src/parse.rs:215:9
[INFO] [stdout]     |
[INFO] [stdout] 211 |         try!(self.add_desc(short.as_slice(), long.as_slice(), has_arg))
[INFO] [stdout]     |                                                                        - expected one of `.`, `;`, `?`, `}`, or an operator
[INFO] [stdout] ...
[INFO] [stdout] 215 |         self.parse_default(full_desc)
[INFO] [stdout]     |         ^^^^ unexpected token
[INFO] [stdout] 
[INFO] [stdout] 
[INFO] [stdout] error: incorrect unicode escape sequence
[INFO] [stdout]   --> /opt/rustwide/cargo-home/git/checkouts/toml-rs-a5e9b18b5f3b02a6/8a3ba4c/src/show.rs:19:26
[INFO] [stdout]    |
[INFO] [stdout] 19 |                         '\u000a' => try!(write!(f, "\\n")),
[INFO] [stdout]    |                          ^^^---
[INFO] [stdout]    |                          |
[INFO] [stdout]    |                          help: format of unicode escape sequences uses braces: `\u{000a}`
[INFO] [stdout] 
[INFO] [stdout] 
[INFO] [stdout] error: incorrect unicode escape sequence
[INFO] [stdout]   --> /opt/rustwide/cargo-home/git/checkouts/toml-rs-a5e9b18b5f3b02a6/8a3ba4c/src/show.rs:20:26
[INFO] [stdout]    |
[INFO] [stdout] 20 |                         '\u000c' => try!(write!(f, "\\f")),
[INFO] [stdout]    |                          ^^^---
[INFO] [stdout]    |                          |
[INFO] [stdout]    |                          help: format of unicode escape sequences uses braces: `\u{000c}`
[INFO] [stdout] 
[INFO] [stdout] 
[INFO] [stdout] error: incorrect unicode escape sequence
[INFO] [stdout]   --> /opt/rustwide/cargo-home/git/checkouts/toml-rs-a5e9b18b5f3b02a6/8a3ba4c/src/show.rs:21:26
[INFO] [stdout]    |
[INFO] [stdout] 21 |                         '\u000d' => try!(write!(f, "\\r")),
[INFO] [stdout]    |                          ^^^---
[INFO] [stdout]    |                          |
[INFO] [stdout]    |                          help: format of unicode escape sequences uses braces: `\u{000d}`
[INFO] [stdout] 
[INFO] [stdout] 
[INFO] [stdout] error: incorrect unicode escape sequence
[INFO] [stdout]   --> /opt/rustwide/cargo-home/git/checkouts/toml-rs-a5e9b18b5f3b02a6/8a3ba4c/src/show.rs:22:26
[INFO] [stdout]    |
[INFO] [stdout] 22 |                         '\u0022' => try!(write!(f, "\\\"")),
[INFO] [stdout]    |                          ^^^---
[INFO] [stdout]    |                          |
[INFO] [stdout]    |                          help: format of unicode escape sequences uses braces: `\u{0022}`
[INFO] [stdout] 
[INFO] [stdout] 
[INFO] [stdout] error: incorrect unicode escape sequence
[INFO] [stdout]   --> /opt/rustwide/cargo-home/git/checkouts/toml-rs-a5e9b18b5f3b02a6/8a3ba4c/src/show.rs:23:26
[INFO] [stdout]    |
[INFO] [stdout] 23 |                         '\u005c' => try!(write!(f, "\\\\")),
[INFO] [stdout]    |                          ^^^---
[INFO] [stdout]    |                          |
[INFO] [stdout]    |                          help: format of unicode escape sequences uses braces: `\u{005c}`
[INFO] [stdout] 
[INFO] [stdout] 
[INFO] [stdout] error: macros that expand to items must be delimited with braces or followed by a semicolon
[INFO] [stdout]    --> /opt/rustwide/cargo-home/git/checkouts/toml-rs-a5e9b18b5f3b02a6/8a3ba4c/src/show.rs:106:21
[INFO] [stdout]     |
[INFO] [stdout] 106 |       macro_rules! map( ($($k:expr: $v:expr),*) => ({
[INFO] [stdout]     |  _____________________^
[INFO] [stdout] 107 | |         let mut _m = TreeMap::new();
[INFO] [stdout] 108 | |         $(_m.insert($k.to_string(), $v);)*
[INFO] [stdout] 109 | |         _m
[INFO] [stdout] 110 | |     }) )
[INFO] [stdout]     | |________^
[INFO] [stdout]     |
[INFO] [stdout] help: change the delimiters to curly braces
[INFO] [stdout]     |
[INFO] [stdout] 106 |     macro_rules! map{ ($($k:expr: $v:expr),*) => ({
[INFO] [stdout] 107 |         let mut _m = TreeMap::new();
[INFO] [stdout] 108 |         $(_m.insert($k.to_string(), $v);)*
[INFO] [stdout] 109 |         _m
[INFO] [stdout] 110 |     }) }
[INFO] [stdout]     |
[INFO] [stdout] help: add a semicolon
[INFO] [stdout]     |
[INFO] [stdout] 110 |     }) );
[INFO] [stdout]     |         ^
[INFO] [stdout] 
[INFO] [stdout] 
[INFO] [stdout] error: expected one of `.`, `;`, `?`, `}`, or an operator, found `assert_eq`
[INFO] [stdout]    --> /opt/rustwide/cargo-home/git/checkouts/toml-rs-a5e9b18b5f3b02a6/8a3ba4c/src/show.rs:116:9
[INFO] [stdout]     |
[INFO] [stdout] 115 |                    "\"foo\"")
[INFO] [stdout]     |                              - expected one of `.`, `;`, `?`, `}`, or an operator
[INFO] [stdout] 116 |         assert_eq!(Integer(10).to_string().as_slice(),
[INFO] [stdout]     |         ^^^^^^^^^ unexpected token
[INFO] [stdout] 
[INFO] [stdout] 
[INFO] [stdout] error: expected one of `.`, `;`, `?`, `}`, or an operator, found `assert_eq`
[INFO] [stdout]    --> /opt/rustwide/cargo-home/git/checkouts/toml-rs-a5e9b18b5f3b02a6/8a3ba4c/src/show.rs:136:9
[INFO] [stdout]     |
[INFO] [stdout] 135 |                    "")
[INFO] [stdout]     |                       - expected one of `.`, `;`, `?`, `}`, or an operator
[INFO] [stdout] 136 |         assert_eq!(Table(map! { "test": Integer(2) }).to_string().as_slice(),
[INFO] [stdout]     |         ^^^^^^^^^ unexpected token
[INFO] [stdout] 
[INFO] [stdout] 
[INFO] [stdout] error: expected type, found `|`
[INFO] [stdout]    --> /opt/rustwide/cargo-home/git/checkouts/toml-rs-a5e9b18b5f3b02a6/8a3ba4c/src/serialization.rs:200:21
[INFO] [stdout]     |
[INFO] [stdout] 200 |                  f: |&mut Encoder| -> Result<(), Error>) -> Result<(), Error> {
[INFO] [stdout]     |                     ^ expected type
[INFO] [stdout] 
[INFO] [stdout] 
[INFO] [stdout] error: expected one of `:`, `@`, or `|`, found `>`
[INFO] [stdout]    --> /opt/rustwide/cargo-home/git/checkouts/toml-rs-a5e9b18b5f3b02a6/8a3ba4c/src/serialization.rs:200:55
[INFO] [stdout]     |
[INFO] [stdout] 200 |                  f: |&mut Encoder| -> Result<(), Error>) -> Result<(), Error> {
[INFO] [stdout]     |                                                       ^ expected one of `:`, `@`, or `|`
[INFO] [stdout] 
[INFO] [stdout] 
[INFO] [stdout] error: expected type, found `|`
[INFO] [stdout]    --> /opt/rustwide/cargo-home/git/checkouts/toml-rs-a5e9b18b5f3b02a6/8a3ba4c/src/serialization.rs:204:29
[INFO] [stdout]     |
[INFO] [stdout] 204 |                          f: |&mut Encoder| -> Result<(), Error>)
[INFO] [stdout]     |                             ^ expected type
[INFO] [stdout] 
[INFO] [stdout] 
[INFO] [stdout] error: expected one of `:`, `@`, or `|`, found `>`
[INFO] [stdout]    --> /opt/rustwide/cargo-home/git/checkouts/toml-rs-a5e9b18b5f3b02a6/8a3ba4c/src/serialization.rs:204:63
[INFO] [stdout]     |
[INFO] [stdout] 204 |                          f: |&mut Encoder| -> Result<(), Error>)
[INFO] [stdout]     |                                                               ^ expected one of `:`, `@`, or `|`
[INFO] [stdout] 
[INFO] [stdout] 
[INFO] [stdout] error: expected type, found `|`
[INFO] [stdout]    --> /opt/rustwide/cargo-home/git/checkouts/toml-rs-a5e9b18b5f3b02a6/8a3ba4c/src/serialization.rs:210:33
[INFO] [stdout]     |
[INFO] [stdout] 210 | ...                   f: |&mut Encoder| -> Result<(), Error>)
[INFO] [stdout]     |                          ^ expected type
[INFO] [stdout] 
[INFO] [stdout] 
[INFO] [stdout] error: expected one of `:`, `@`, or `|`, found `>`
[INFO] [stdout]    --> /opt/rustwide/cargo-home/git/checkouts/toml-rs-a5e9b18b5f3b02a6/8a3ba4c/src/serialization.rs:210:67
[INFO] [stdout]     |
[INFO] [stdout] 210 | ...                   f: |&mut Encoder| -> Result<(), Error>)
[INFO] [stdout]     |                                                            ^ expected one of `:`, `@`, or `|`
[INFO] [stdout] 
[INFO] [stdout] 
[INFO] [stdout] error: expected type, found `|`
[INFO] [stdout]    --> /opt/rustwide/cargo-home/git/checkouts/toml-rs-a5e9b18b5f3b02a6/8a3ba4c/src/serialization.rs:217:37
[INFO] [stdout]     |
[INFO] [stdout] 217 | ...                   _f: |&mut Encoder| -> Result<(), Error>)
[INFO] [stdout]     |                           ^ expected type
[INFO] [stdout] 
[INFO] [stdout] 
[INFO] [stdout] error: expected one of `:`, `@`, or `|`, found `>`
[INFO] [stdout]    --> /opt/rustwide/cargo-home/git/checkouts/toml-rs-a5e9b18b5f3b02a6/8a3ba4c/src/serialization.rs:217:71
[INFO] [stdout]     |
[INFO] [stdout] 217 | ...                   _f: |&mut Encoder| -> Result<(), Error>)
[INFO] [stdout]     |                                                             ^ expected one of `:`, `@`, or `|`
[INFO] [stdout] 
[INFO] [stdout] 
[INFO] [stdout] error: expected type, found `|`
[INFO] [stdout]    --> /opt/rustwide/cargo-home/git/checkouts/toml-rs-a5e9b18b5f3b02a6/8a3ba4c/src/serialization.rs:223:43
[INFO] [stdout]     |
[INFO] [stdout] 223 | ...                   _f: |&mut Encoder| -> Result<(), Error>)
[INFO] [stdout]     |                           ^ expected type
[INFO] [stdout] 
[INFO] [stdout] 
[INFO] [stdout] error: expected one of `:`, `@`, or `|`, found `>`
[INFO] [stdout]    --> /opt/rustwide/cargo-home/git/checkouts/toml-rs-a5e9b18b5f3b02a6/8a3ba4c/src/serialization.rs:223:77
[INFO] [stdout]     |
[INFO] [stdout] 223 | ...                   _f: |&mut Encoder| -> Result<(), Error>)
[INFO] [stdout]     |                                                             ^ expected one of `:`, `@`, or `|`
[INFO] [stdout] 
[INFO] [stdout] 
[INFO] [stdout] error: expected type, found `|`
[INFO] [stdout]    --> /opt/rustwide/cargo-home/git/checkouts/toml-rs-a5e9b18b5f3b02a6/8a3ba4c/src/serialization.rs:229:23
[INFO] [stdout]     |
[INFO] [stdout] 229 |                    f: |&mut Encoder| -> Result<(), Error>) -> Result<(), Error> {
[INFO] [stdout]     |                       ^ expected type
[INFO] [stdout] 
[INFO] [stdout] 
[INFO] [stdout] error: expected one of `:`, `@`, or `|`, found `>`
[INFO] [stdout]    --> /opt/rustwide/cargo-home/git/checkouts/toml-rs-a5e9b18b5f3b02a6/8a3ba4c/src/serialization.rs:229:57
[INFO] [stdout]     |
[INFO] [stdout] 229 |                    f: |&mut Encoder| -> Result<(), Error>) -> Result<(), Error> {
[INFO] [stdout]     |                                                         ^ expected one of `:`, `@`, or `|`
[INFO] [stdout] 
[INFO] [stdout] 
[INFO] [stdout] error: expected type, found `|`
[INFO] [stdout]    --> /opt/rustwide/cargo-home/git/checkouts/toml-rs-a5e9b18b5f3b02a6/8a3ba4c/src/serialization.rs:249:29
[INFO] [stdout]     |
[INFO] [stdout] 249 |                          f: |&mut Encoder| -> Result<(), Error>)
[INFO] [stdout]     |                             ^ expected type
[INFO] [stdout] 
[INFO] [stdout] 
[INFO] [stdout] error: expected one of `:`, `@`, or `|`, found `>`
[INFO] [stdout]    --> /opt/rustwide/cargo-home/git/checkouts/toml-rs-a5e9b18b5f3b02a6/8a3ba4c/src/serialization.rs:249:63
[INFO] [stdout]     |
[INFO] [stdout] 249 |                          f: |&mut Encoder| -> Result<(), Error>)
[INFO] [stdout]     |                                                               ^ expected one of `:`, `@`, or `|`
[INFO] [stdout] 
[INFO] [stdout] 
[INFO] [stdout] error: expected type, found `|`
[INFO] [stdout]    --> /opt/rustwide/cargo-home/git/checkouts/toml-rs-a5e9b18b5f3b02a6/8a3ba4c/src/serialization.rs:262:22
[INFO] [stdout]     |
[INFO] [stdout] 262 |                   f: |&mut Encoder| -> Result<(), Error>) -> Result<(), Error> {
[INFO] [stdout]     |                      ^ expected type
[INFO] [stdout] 
[INFO] [stdout] 
[INFO] [stdout] error: expected one of `:`, `@`, or `|`, found `>`
[INFO] [stdout]    --> /opt/rustwide/cargo-home/git/checkouts/toml-rs-a5e9b18b5f3b02a6/8a3ba4c/src/serialization.rs:262:56
[INFO] [stdout]     |
[INFO] [stdout] 262 |                   f: |&mut Encoder| -> Result<(), Error>) -> Result<(), Error> {
[INFO] [stdout]     |                                                        ^ expected one of `:`, `@`, or `|`
[INFO] [stdout] 
[INFO] [stdout] 
[INFO] [stdout] error: expected type, found `|`
[INFO] [stdout]    --> /opt/rustwide/cargo-home/git/checkouts/toml-rs-a5e9b18b5f3b02a6/8a3ba4c/src/serialization.rs:266:26
[INFO] [stdout]     |
[INFO] [stdout] 266 |                       f: |&mut Encoder| -> Result<(), Error>)
[INFO] [stdout]     |                          ^ expected type
[INFO] [stdout] 
[INFO] [stdout] 
[INFO] [stdout] error: expected one of `:`, `@`, or `|`, found `>`
[INFO] [stdout]    --> /opt/rustwide/cargo-home/git/checkouts/toml-rs-a5e9b18b5f3b02a6/8a3ba4c/src/serialization.rs:266:60
[INFO] [stdout]     |
[INFO] [stdout] 266 |                       f: |&mut Encoder| -> Result<(), Error>)
[INFO] [stdout]     |                                                            ^ expected one of `:`, `@`, or `|`
[INFO] [stdout] 
[INFO] [stdout] 
[INFO] [stdout] error: expected type, found `|`
[INFO] [stdout]    --> /opt/rustwide/cargo-home/git/checkouts/toml-rs-a5e9b18b5f3b02a6/8a3ba4c/src/serialization.rs:272:30
[INFO] [stdout]     |
[INFO] [stdout] 272 |                          _f: |&mut Encoder| -> Result<(), Error>)
[INFO] [stdout]     |                              ^ expected type
[INFO] [stdout] 
[INFO] [stdout] 
[INFO] [stdout] error: expected one of `:`, `@`, or `|`, found `>`
[INFO] [stdout]    --> /opt/rustwide/cargo-home/git/checkouts/toml-rs-a5e9b18b5f3b02a6/8a3ba4c/src/serialization.rs:272:64
[INFO] [stdout]     |
[INFO] [stdout] 272 |                          _f: |&mut Encoder| -> Result<(), Error>)
[INFO] [stdout]     |                                                                ^ expected one of `:`, `@`, or `|`
[INFO] [stdout] 
[INFO] [stdout] 
[INFO] [stdout] error: expected type, found `|`
[INFO] [stdout]    --> /opt/rustwide/cargo-home/git/checkouts/toml-rs-a5e9b18b5f3b02a6/8a3ba4c/src/serialization.rs:278:34
[INFO] [stdout]     |
[INFO] [stdout] 278 | ...                   _f: |&mut Encoder| -> Result<(), Error>)
[INFO] [stdout]     |                           ^ expected type
[INFO] [stdout] 
[INFO] [stdout] 
[INFO] [stdout] error: expected one of `:`, `@`, or `|`, found `>`
[INFO] [stdout]    --> /opt/rustwide/cargo-home/git/checkouts/toml-rs-a5e9b18b5f3b02a6/8a3ba4c/src/serialization.rs:278:68
[INFO] [stdout]     |
[INFO] [stdout] 278 | ...                   _f: |&mut Encoder| -> Result<(), Error>)
[INFO] [stdout]     |                                                             ^ expected one of `:`, `@`, or `|`
[INFO] [stdout] 
[INFO] [stdout] 
[INFO] [stdout] error: expected type, found `|`
[INFO] [stdout]    --> /opt/rustwide/cargo-home/git/checkouts/toml-rs-a5e9b18b5f3b02a6/8a3ba4c/src/serialization.rs:284:23
[INFO] [stdout]     |
[INFO] [stdout] 284 |                    f: |&mut Encoder| -> Result<(), Error>)
[INFO] [stdout]     |                       ^ expected type
[INFO] [stdout] 
[INFO] [stdout] 
[INFO] [stdout] error: expected one of `:`, `@`, or `|`, found `>`
[INFO] [stdout]    --> /opt/rustwide/cargo-home/git/checkouts/toml-rs-a5e9b18b5f3b02a6/8a3ba4c/src/serialization.rs:284:57
[INFO] [stdout]     |
[INFO] [stdout] 284 |                    f: |&mut Encoder| -> Result<(), Error>)
[INFO] [stdout]     |                                                         ^ expected one of `:`, `@`, or `|`
[INFO] [stdout] 
[INFO] [stdout] 
[INFO] [stdout] error: expected type, found `|`
[INFO] [stdout]    --> /opt/rustwide/cargo-home/git/checkouts/toml-rs-a5e9b18b5f3b02a6/8a3ba4c/src/serialization.rs:298:28
[INFO] [stdout]     |
[INFO] [stdout] 298 |                         f: |&mut Encoder| -> Result<(), Error>)
[INFO] [stdout]     |                            ^ expected type
[INFO] [stdout] 
[INFO] [stdout] 
[INFO] [stdout] error: expected one of `:`, `@`, or `|`, found `>`
[INFO] [stdout]    --> /opt/rustwide/cargo-home/git/checkouts/toml-rs-a5e9b18b5f3b02a6/8a3ba4c/src/serialization.rs:298:62
[INFO] [stdout]     |
[INFO] [stdout] 298 |                         f: |&mut Encoder| -> Result<(), Error>)
[INFO] [stdout]     |                                                              ^ expected one of `:`, `@`, or `|`
[INFO] [stdout] 
[INFO] [stdout] 
[INFO] [stdout] error: expected type, found `|`
[INFO] [stdout]    --> /opt/rustwide/cargo-home/git/checkouts/toml-rs-a5e9b18b5f3b02a6/8a3ba4c/src/serialization.rs:304:20
[INFO] [stdout]     |
[INFO] [stdout] 304 |                 f: |this: &mut Encoder| -> Result<(), Error>)
[INFO] [stdout]     |                    ^ expected type
[INFO] [stdout] 
[INFO] [stdout] 
[INFO] [stdout] error: expected one of `:`, `@`, or `|`, found `>`
[INFO] [stdout]    --> /opt/rustwide/cargo-home/git/checkouts/toml-rs-a5e9b18b5f3b02a6/8a3ba4c/src/serialization.rs:304:60
[INFO] [stdout]     |
[INFO] [stdout] 304 |                 f: |this: &mut Encoder| -> Result<(), Error>)
[INFO] [stdout]     |                                                            ^ expected one of `:`, `@`, or `|`
[INFO] [stdout] 
[INFO] [stdout] 
[INFO] [stdout] error: expected type, found `|`
[INFO] [stdout]    --> /opt/rustwide/cargo-home/git/checkouts/toml-rs-a5e9b18b5f3b02a6/8a3ba4c/src/serialization.rs:315:24
[INFO] [stdout]     |
[INFO] [stdout] 315 |                     f: |this: &mut Encoder| -> Result<(), Error>)
[INFO] [stdout]     |                        ^ expected type
[INFO] [stdout] 
[INFO] [stdout] 
[INFO] [stdout] error: expected one of `:`, `@`, or `|`, found `>`
[INFO] [stdout]    --> /opt/rustwide/cargo-home/git/checkouts/toml-rs-a5e9b18b5f3b02a6/8a3ba4c/src/serialization.rs:315:64
[INFO] [stdout]     |
[INFO] [stdout] 315 |                     f: |this: &mut Encoder| -> Result<(), Error>)
[INFO] [stdout]     |                                                                ^ expected one of `:`, `@`, or `|`
[INFO] [stdout] 
[INFO] [stdout] 
[INFO] [stdout] error: expected type, found `|`
[INFO] [stdout]    --> /opt/rustwide/cargo-home/git/checkouts/toml-rs-a5e9b18b5f3b02a6/8a3ba4c/src/serialization.rs:321:20
[INFO] [stdout]     |
[INFO] [stdout] 321 |                 f: |&mut Encoder| -> Result<(), Error>) -> Result<(), Error> {
[INFO] [stdout]     |                    ^ expected type
[INFO] [stdout] 
[INFO] [stdout] 
[INFO] [stdout] error: expected one of `:`, `@`, or `|`, found `>`
[INFO] [stdout]    --> /opt/rustwide/cargo-home/git/checkouts/toml-rs-a5e9b18b5f3b02a6/8a3ba4c/src/serialization.rs:321:54
[INFO] [stdout]     |
[INFO] [stdout] 321 |                 f: |&mut Encoder| -> Result<(), Error>) -> Result<(), Error> {
[INFO] [stdout]     |                                                      ^ expected one of `:`, `@`, or `|`
[INFO] [stdout] 
[INFO] [stdout] 
[INFO] [stdout] error: expected type, found `|`
[INFO] [stdout]    --> /opt/rustwide/cargo-home/git/checkouts/toml-rs-a5e9b18b5f3b02a6/8a3ba4c/src/serialization.rs:325:28
[INFO] [stdout]     |
[INFO] [stdout] 325 |                         f: |&mut Encoder| -> Result<(), Error>)
[INFO] [stdout]     |                            ^ expected type
[INFO] [stdout] 
[INFO] [stdout] 
[INFO] [stdout] error: expected one of `:`, `@`, or `|`, found `>`
[INFO] [stdout]    --> /opt/rustwide/cargo-home/git/checkouts/toml-rs-a5e9b18b5f3b02a6/8a3ba4c/src/serialization.rs:325:62
[INFO] [stdout]     |
[INFO] [stdout] 325 |                         f: |&mut Encoder| -> Result<(), Error>)
[INFO] [stdout]     |                                                              ^ expected one of `:`, `@`, or `|`
[INFO] [stdout] 
[INFO] [stdout] 
[INFO] [stdout] error: expected type, found `|`
[INFO] [stdout]    --> /opt/rustwide/cargo-home/git/checkouts/toml-rs-a5e9b18b5f3b02a6/8a3ba4c/src/serialization.rs:339:28
[INFO] [stdout]     |
[INFO] [stdout] 339 |                         f: |&mut Encoder| -> Result<(), Error>)
[INFO] [stdout]     |                            ^ expected type
[INFO] [stdout] 
[INFO] [stdout] 
[INFO] [stdout] error: expected one of `:`, `@`, or `|`, found `>`
[INFO] [stdout]    --> /opt/rustwide/cargo-home/git/checkouts/toml-rs-a5e9b18b5f3b02a6/8a3ba4c/src/serialization.rs:339:62
[INFO] [stdout]     |
[INFO] [stdout] 339 |                         f: |&mut Encoder| -> Result<(), Error>)
[INFO] [stdout]     |                                                              ^ expected one of `:`, `@`, or `|`
[INFO] [stdout] 
[INFO] [stdout] 
[INFO] [stdout] error: expected type, found `|`
[INFO] [stdout]    --> /opt/rustwide/cargo-home/git/checkouts/toml-rs-a5e9b18b5f3b02a6/8a3ba4c/src/serialization.rs:489:24
[INFO] [stdout]     |
[INFO] [stdout] 489 |                     f: |&mut Decoder| -> Result<T, DecodeError>)
[INFO] [stdout]     |                        ^ expected type
[INFO] [stdout] 
[INFO] [stdout] 
[INFO] [stdout] error: expected one of `:`, `@`, or `|`, found `>`
[INFO] [stdout]    --> /opt/rustwide/cargo-home/git/checkouts/toml-rs-a5e9b18b5f3b02a6/8a3ba4c/src/serialization.rs:489:63
[INFO] [stdout]     |
[INFO] [stdout] 489 |                     f: |&mut Decoder| -> Result<T, DecodeError>)
[INFO] [stdout]     |                                                               ^ expected one of `:`, `@`, or `|`
[INFO] [stdout] 
[INFO] [stdout] 
[INFO] [stdout] error: expected type, found `|`
[INFO] [stdout]    --> /opt/rustwide/cargo-home/git/checkouts/toml-rs-a5e9b18b5f3b02a6/8a3ba4c/src/serialization.rs:497:32
[INFO] [stdout]     |
[INFO] [stdout] 497 | ...                   f: |&mut Decoder, uint| -> Result<T, DecodeError>)
[INFO] [stdout]     |                          ^ expected type
[INFO] [stdout] 
[INFO] [stdout] 
[INFO] [stdout] error: expected parameter name, found `->`
[INFO] [stdout]    --> /opt/rustwide/cargo-home/git/checkouts/toml-rs-a5e9b18b5f3b02a6/8a3ba4c/src/serialization.rs:497:53
[INFO] [stdout]     |
[INFO] [stdout] 497 | ...                   f: |&mut Decoder, uint| -> Result<T, DecodeError>)
[INFO] [stdout]     |                                         ----  ^^ expected parameter name
[INFO] [stdout]     |                                         |
[INFO] [stdout]     |                                         while parsing this or-pattern starting here
[INFO] [stdout] 
[INFO] [stdout] 
[INFO] [stdout] error: expected one of `:`, `@`, or `|`, found `>`
[INFO] [stdout]    --> /opt/rustwide/cargo-home/git/checkouts/toml-rs-a5e9b18b5f3b02a6/8a3ba4c/src/serialization.rs:497:77
[INFO] [stdout]     |
[INFO] [stdout] 497 | ...                   f: |&mut Decoder, uint| -> Result<T, DecodeError>)
[INFO] [stdout]     |                                                                       ^ expected one of `:`, `@`, or `|`
[INFO] [stdout] 
[INFO] [stdout] 
[INFO] [stdout] error: expected type, found `|`
[INFO] [stdout]    --> /opt/rustwide/cargo-home/git/checkouts/toml-rs-a5e9b18b5f3b02a6/8a3ba4c/src/serialization.rs:515:36
[INFO] [stdout]     |
[INFO] [stdout] 515 | ...                   f: |&mut Decoder| -> Result<T, DecodeError>)
[INFO] [stdout]     |                          ^ expected type
[INFO] [stdout] 
[INFO] [stdout] 
[INFO] [stdout] error: expected one of `:`, `@`, or `|`, found `>`
[INFO] [stdout]    --> /opt/rustwide/cargo-home/git/checkouts/toml-rs-a5e9b18b5f3b02a6/8a3ba4c/src/serialization.rs:515:75
[INFO] [stdout]     |
[INFO] [stdout] 515 | ...                   f: |&mut Decoder| -> Result<T, DecodeError>)
[INFO] [stdout]     |                                                                 ^ expected one of `:`, `@`, or `|`
[INFO] [stdout] 
[INFO] [stdout] 
[INFO] [stdout] error: expected type, found `|`
[INFO] [stdout]    --> /opt/rustwide/cargo-home/git/checkouts/toml-rs-a5e9b18b5f3b02a6/8a3ba4c/src/serialization.rs:522:40
[INFO] [stdout]     |
[INFO] [stdout] 522 | ...                   _f: |&mut Decoder, uint|
[INFO] [stdout]     |                           ^ expected type
[INFO] [stdout] 
[INFO] [stdout] 
[INFO] [stdout] error: expected parameter name, found `->`
[INFO] [stdout]    --> /opt/rustwide/cargo-home/git/checkouts/toml-rs-a5e9b18b5f3b02a6/8a3ba4c/src/serialization.rs:523:41
[INFO] [stdout]     |
[INFO] [stdout] 522 | ...                   _f: |&mut Decoder, uint|
[INFO] [stdout]     |                                          ---- while parsing this or-pattern starting here
[INFO] [stdout] 523 | ...                        -> Result<T, DecodeError>)
[INFO] [stdout]     |                            ^^ expected parameter name
[INFO] [stdout] 
[INFO] [stdout] 
[INFO] [stdout] error: expected one of `:`, `@`, or `|`, found `>`
[INFO] [stdout]    --> /opt/rustwide/cargo-home/git/checkouts/toml-rs-a5e9b18b5f3b02a6/8a3ba4c/src/serialization.rs:523:65
[INFO] [stdout]     |
[INFO] [stdout] 523 | ...                   -> Result<T, DecodeError>)
[INFO] [stdout]     |                                               ^ expected one of `:`, `@`, or `|`
[INFO] [stdout] 
[INFO] [stdout] 
[INFO] [stdout] error: expected type, found `|`
[INFO] [stdout]    --> /opt/rustwide/cargo-home/git/checkouts/toml-rs-a5e9b18b5f3b02a6/8a3ba4c/src/serialization.rs:531:46
[INFO] [stdout]     |
[INFO] [stdout] 531 | ...                   _f: |&mut Decoder|
[INFO] [stdout]     |                           ^ expected type
[INFO] [stdout] 
[INFO] [stdout] 
[INFO] [stdout] error: expected one of `:`, `@`, or `|`, found `>`
[INFO] [stdout]    --> /opt/rustwide/cargo-home/git/checkouts/toml-rs-a5e9b18b5f3b02a6/8a3ba4c/src/serialization.rs:532:69
[INFO] [stdout]     |
[INFO] [stdout] 532 | ...                   -> Result<T, DecodeError>)
[INFO] [stdout]     |                                               ^ expected one of `:`, `@`, or `|`
[INFO] [stdout] 
[INFO] [stdout] 
[INFO] [stdout] error: expected type, found `|`
[INFO] [stdout]    --> /opt/rustwide/cargo-home/git/checkouts/toml-rs-a5e9b18b5f3b02a6/8a3ba4c/src/serialization.rs:539:26
[INFO] [stdout]     |
[INFO] [stdout] 539 |                       f: |&mut Decoder| -> Result<T, DecodeError>)
[INFO] [stdout]     |                          ^ expected type
[INFO] [stdout] 
[INFO] [stdout] 
[INFO] [stdout] error: expected one of `:`, `@`, or `|`, found `>`
[INFO] [stdout]    --> /opt/rustwide/cargo-home/git/checkouts/toml-rs-a5e9b18b5f3b02a6/8a3ba4c/src/serialization.rs:539:65
[INFO] [stdout]     |
[INFO] [stdout] 539 |                       f: |&mut Decoder| -> Result<T, DecodeError>)
[INFO] [stdout]     |                                                                 ^ expected one of `:`, `@`, or `|`
[INFO] [stdout] 
[INFO] [stdout] 
[INFO] [stdout] error: expected type, found `|`
[INFO] [stdout]    --> /opt/rustwide/cargo-home/git/checkouts/toml-rs-a5e9b18b5f3b02a6/8a3ba4c/src/serialization.rs:558:32
[INFO] [stdout]     |
[INFO] [stdout] 558 | ...                   f: |&mut Decoder| -> Result<T, DecodeError>)
[INFO] [stdout]     |                          ^ expected type
[INFO] [stdout] 
[INFO] [stdout] 
[INFO] [stdout] error: expected one of `:`, `@`, or `|`, found `>`
[INFO] [stdout]    --> /opt/rustwide/cargo-home/git/checkouts/toml-rs-a5e9b18b5f3b02a6/8a3ba4c/src/serialization.rs:558:71
[INFO] [stdout]     |
[INFO] [stdout] 558 | ...                   f: |&mut Decoder| -> Result<T, DecodeError>)
[INFO] [stdout]     |                                                                 ^ expected one of `:`, `@`, or `|`
[INFO] [stdout] 
[INFO] [stdout] 
[INFO] [stdout] error: expected type, found `|`
[INFO] [stdout]    --> /opt/rustwide/cargo-home/git/checkouts/toml-rs-a5e9b18b5f3b02a6/8a3ba4c/src/serialization.rs:581:25
[INFO] [stdout]     |
[INFO] [stdout] 581 |                      f: |&mut Decoder, uint| -> Result<T, DecodeError>)
[INFO] [stdout]     |                         ^ expected type
[INFO] [stdout] 
[INFO] [stdout] 
[INFO] [stdout] error: expected parameter name, found `->`
[INFO] [stdout]    --> /opt/rustwide/cargo-home/git/checkouts/toml-rs-a5e9b18b5f3b02a6/8a3ba4c/src/serialization.rs:581:46
[INFO] [stdout]     |
[INFO] [stdout] 581 |                      f: |&mut Decoder, uint| -> Result<T, DecodeError>)
[INFO] [stdout]     |                                        ----  ^^ expected parameter name
[INFO] [stdout]     |                                        |
[INFO] [stdout]     |                                        while parsing this or-pattern starting here
[INFO] [stdout] 
[INFO] [stdout] 
[INFO] [stdout] error: expected one of `:`, `@`, or `|`, found `>`
[INFO] [stdout]    --> /opt/rustwide/cargo-home/git/checkouts/toml-rs-a5e9b18b5f3b02a6/8a3ba4c/src/serialization.rs:581:70
[INFO] [stdout]     |
[INFO] [stdout] 581 |                      f: |&mut Decoder, uint| -> Result<T, DecodeError>)
[INFO] [stdout]     |                                                                      ^ expected one of `:`, `@`, or `|`
[INFO] [stdout] 
[INFO] [stdout] 
[INFO] [stdout] error: expected type, found `|`
[INFO] [stdout]    --> /opt/rustwide/cargo-home/git/checkouts/toml-rs-a5e9b18b5f3b02a6/8a3ba4c/src/serialization.rs:587:29
[INFO] [stdout]     |
[INFO] [stdout] 587 |                          f: |&mut Decoder| -> Result<T, DecodeError>)
[INFO] [stdout]     |                             ^ expected type
[INFO] [stdout] 
[INFO] [stdout] 
[INFO] [stdout] error: expected one of `:`, `@`, or `|`, found `>`
[INFO] [stdout]    --> /opt/rustwide/cargo-home/git/checkouts/toml-rs-a5e9b18b5f3b02a6/8a3ba4c/src/serialization.rs:587:68
[INFO] [stdout]     |
[INFO] [stdout] 587 |                          f: |&mut Decoder| -> Result<T, DecodeError>)
[INFO] [stdout]     |                                                                    ^ expected one of `:`, `@`, or `|`
[INFO] [stdout] 
[INFO] [stdout] 
[INFO] [stdout] error: expected type, found `|`
[INFO] [stdout]    --> /opt/rustwide/cargo-home/git/checkouts/toml-rs-a5e9b18b5f3b02a6/8a3ba4c/src/serialization.rs:595:33
[INFO] [stdout]     |
[INFO] [stdout] 595 | ...                   _f: |&mut Decoder, uint| -> Result<T, DecodeError>)
[INFO] [stdout]     |                           ^ expected type
[INFO] [stdout] 
[INFO] [stdout] 
[INFO] [stdout] error: expected parameter name, found `->`
[INFO] [stdout]    --> /opt/rustwide/cargo-home/git/checkouts/toml-rs-a5e9b18b5f3b02a6/8a3ba4c/src/serialization.rs:595:54
[INFO] [stdout]     |
[INFO] [stdout] 595 | ...                   _f: |&mut Decoder, uint| -> Result<T, DecodeError>)
[INFO] [stdout]     |                                          ----  ^^ expected parameter name
[INFO] [stdout]     |                                          |
[INFO] [stdout]     |                                          while parsing this or-pattern starting here
[INFO] [stdout] 
[INFO] [stdout] 
[INFO] [stdout] error: expected one of `:`, `@`, or `|`, found `>`
[INFO] [stdout]    --> /opt/rustwide/cargo-home/git/checkouts/toml-rs-a5e9b18b5f3b02a6/8a3ba4c/src/serialization.rs:595:78
[INFO] [stdout]     |
[INFO] [stdout] 595 | ...                   _f: |&mut Decoder, uint| -> Result<T, DecodeError>)
[INFO] [stdout]     |                                                                        ^ expected one of `:`, `@`, or `|`
[INFO] [stdout] 
[INFO] [stdout] 
[INFO] [stdout] error: expected type, found `|`
[INFO] [stdout]    --> /opt/rustwide/cargo-home/git/checkouts/toml-rs-a5e9b18b5f3b02a6/8a3ba4c/src/serialization.rs:602:37
[INFO] [stdout]     |
[INFO] [stdout] 602 | ...                   _f: |&mut Decoder| -> Result<T, DecodeError>)
[INFO] [stdout]     |                           ^ expected type
[INFO] [stdout] 
[INFO] [stdout] 
[INFO] [stdout] error: expected one of `:`, `@`, or `|`, found `>`
[INFO] [stdout]    --> /opt/rustwide/cargo-home/git/checkouts/toml-rs-a5e9b18b5f3b02a6/8a3ba4c/src/serialization.rs:602:76
[INFO] [stdout]     |
[INFO] [stdout] 602 | ...                   _f: |&mut Decoder| -> Result<T, DecodeError>)
[INFO] [stdout]     |                                                                  ^ expected one of `:`, `@`, or `|`
[INFO] [stdout] 
[INFO] [stdout] 
[INFO] [stdout] error: expected type, found `|`
[INFO] [stdout]    --> /opt/rustwide/cargo-home/git/checkouts/toml-rs-a5e9b18b5f3b02a6/8a3ba4c/src/serialization.rs:610:26
[INFO] [stdout]     |
[INFO] [stdout] 610 |                       f: |&mut Decoder, bool| -> Result<T, DecodeError>)
[INFO] [stdout]     |                          ^ expected type
[INFO] [stdout] 
[INFO] [stdout] 
[INFO] [stdout] error: expected parameter name, found `->`
[INFO] [stdout]    --> /opt/rustwide/cargo-home/git/checkouts/toml-rs-a5e9b18b5f3b02a6/8a3ba4c/src/serialization.rs:610:47
[INFO] [stdout]     |
[INFO] [stdout] 610 |                       f: |&mut Decoder, bool| -> Result<T, DecodeError>)
[INFO] [stdout]     |                                         ----  ^^ expected parameter name
[INFO] [stdout]     |                                         |
[INFO] [stdout]     |                                         while parsing this or-pattern starting here
[INFO] [stdout] 
[INFO] [stdout] 
[INFO] [stdout] error: expected one of `:`, `@`, or `|`, found `>`
[INFO] [stdout]    --> /opt/rustwide/cargo-home/git/checkouts/toml-rs-a5e9b18b5f3b02a6/8a3ba4c/src/serialization.rs:610:71
[INFO] [stdout]     |
[INFO] [stdout] 610 |                       f: |&mut Decoder, bool| -> Result<T, DecodeError>)
[INFO] [stdout]     |                                                                       ^ expected one of `:`, `@`, or `|`
[INFO] [stdout] 
[INFO] [stdout] 
[INFO] [stdout] error: expected type, found `|`
[INFO] [stdout]    --> /opt/rustwide/cargo-home/git/checkouts/toml-rs-a5e9b18b5f3b02a6/8a3ba4c/src/serialization.rs:619:34
[INFO] [stdout]     |
[INFO] [stdout] 619 |     fn read_seq<T>(&mut self, f: |&mut Decoder, uint| -> Result<T, DecodeError>)
[INFO] [stdout]     |                                  ^ expected type
[INFO] [stdout] 
[INFO] [stdout] 
[INFO] [stdout] error: expected parameter name, found `->`
[INFO] [stdout]    --> /opt/rustwide/cargo-home/git/checkouts/toml-rs-a5e9b18b5f3b02a6/8a3ba4c/src/serialization.rs:619:55
[INFO] [stdout]     |
[INFO] [stdout] 619 |     fn read_seq<T>(&mut self, f: |&mut Decoder, uint| -> Result<T, DecodeError>)
[INFO] [stdout]     |                                                 ----  ^^ expected parameter name
[INFO] [stdout]     |                                                 |
[INFO] [stdout]     |                                                 while parsing this or-pattern starting here
[INFO] [stdout] 
[INFO] [stdout] 
[INFO] [stdout] error: expected one of `:`, `@`, or `|`, found `>`
[INFO] [stdout]    --> /opt/rustwide/cargo-home/git/checkouts/toml-rs-a5e9b18b5f3b02a6/8a3ba4c/src/serialization.rs:619:79
[INFO] [stdout]     |
[INFO] [stdout] 619 |     fn read_seq<T>(&mut self, f: |&mut Decoder, uint| -> Result<T, DecodeError>)
[INFO] [stdout]     |                                                                               ^ expected one of `:`, `@`, or `|`
[INFO] [stdout] 
[INFO] [stdout] 
[INFO] [stdout] error: expected type, found `|`
[INFO] [stdout]    --> /opt/rustwide/cargo-home/git/checkouts/toml-rs-a5e9b18b5f3b02a6/8a3ba4c/src/serialization.rs:638:27
[INFO] [stdout]     |
[INFO] [stdout] 638 |                        f: |&mut Decoder| -> Result<T, DecodeError>)
[INFO] [stdout]     |                           ^ expected type
[INFO] [stdout] 
[INFO] [stdout] 
[INFO] [stdout] error: expected one of `:`, `@`, or `|`, found `>`
[INFO] [stdout]    --> /opt/rustwide/cargo-home/git/checkouts/toml-rs-a5e9b18b5f3b02a6/8a3ba4c/src/serialization.rs:638:66
[INFO] [stdout]     |
[INFO] [stdout] 638 |                        f: |&mut Decoder| -> Result<T, DecodeError>)
[INFO] [stdout]     |                                                                  ^ expected one of `:`, `@`, or `|`
[INFO] [stdout] 
[INFO] [stdout] 
[INFO] [stdout] error: expected type, found `|`
[INFO] [stdout]    --> /opt/rustwide/cargo-home/git/checkouts/toml-rs-a5e9b18b5f3b02a6/8a3ba4c/src/serialization.rs:657:34
[INFO] [stdout]     |
[INFO] [stdout] 657 |     fn read_map<T>(&mut self, f: |&mut Decoder, uint| -> Result<T, DecodeError>)
[INFO] [stdout]     |                                  ^ expected type
[INFO] [stdout] 
[INFO] [stdout] 
[INFO] [stdout] error: expected parameter name, found `->`
[INFO] [stdout]    --> /opt/rustwide/cargo-home/git/checkouts/toml-rs-a5e9b18b5f3b02a6/8a3ba4c/src/serialization.rs:657:55
[INFO] [stdout]     |
[INFO] [stdout] 657 |     fn read_map<T>(&mut self, f: |&mut Decoder, uint| -> Result<T, DecodeError>)
[INFO] [stdout]     |                                                 ----  ^^ expected parameter name
[INFO] [stdout]     |                                                 |
[INFO] [stdout]     |                                                 while parsing this or-pattern starting here
[INFO] [stdout] 
[INFO] [stdout] 
[INFO] [stdout] error: expected one of `:`, `@`, or `|`, found `>`
[INFO] [stdout]    --> /opt/rustwide/cargo-home/git/checkouts/toml-rs-a5e9b18b5f3b02a6/8a3ba4c/src/serialization.rs:657:79
[INFO] [stdout]     |
[INFO] [stdout] 657 |     fn read_map<T>(&mut self, f: |&mut Decoder, uint| -> Result<T, DecodeError>)
[INFO] [stdout]     |                                                                               ^ expected one of `:`, `@`, or `|`
[INFO] [stdout] 
[INFO] [stdout] 
[INFO] [stdout] error: expected type, found `|`
[INFO] [stdout]    --> /opt/rustwide/cargo-home/git/checkouts/toml-rs-a5e9b18b5f3b02a6/8a3ba4c/src/serialization.rs:669:31
[INFO] [stdout]     |
[INFO] [stdout] 669 | ...                   f: |&mut Decoder| -> Result<T, DecodeError>)
[INFO] [stdout]     |                          ^ expected type
[INFO] [stdout] 
[INFO] [stdout] 
[INFO] [stdout] error: expected one of `:`, `@`, or `|`, found `>`
[INFO] [stdout]    --> /opt/rustwide/cargo-home/git/checkouts/toml-rs-a5e9b18b5f3b02a6/8a3ba4c/src/serialization.rs:669:70
[INFO] [stdout]     |
[INFO] [stdout] 669 | ...                   f: |&mut Decoder| -> Result<T, DecodeError>)
[INFO] [stdout]     |                                                                 ^ expected one of `:`, `@`, or `|`
[INFO] [stdout] 
[INFO] [stdout] 
[INFO] [stdout] error: expected type, found `|`
[INFO] [stdout]    --> /opt/rustwide/cargo-home/git/checkouts/toml-rs-a5e9b18b5f3b02a6/8a3ba4c/src/serialization.rs:686:31
[INFO] [stdout]     |
[INFO] [stdout] 686 | ...                   f: |&mut Decoder| -> Result<T, DecodeError>)
[INFO] [stdout]     |                          ^ expected type
[INFO] [stdout] 
[INFO] [stdout] 
[INFO] [stdout] error: expected one of `:`, `@`, or `|`, found `>`
[INFO] [stdout]    --> /opt/rustwide/cargo-home/git/checkouts/toml-rs-a5e9b18b5f3b02a6/8a3ba4c/src/serialization.rs:686:70
[INFO] [stdout]     |
[INFO] [stdout] 686 | ...                   f: |&mut Decoder| -> Result<T, DecodeError>)
[INFO] [stdout]     |                                                                 ^ expected one of `:`, `@`, or `|`
[INFO] [stdout] 
[INFO] [stdout] 
[INFO] [stdout] error: expected one of `.`, `;`, `?`, `}`, or an operator, found keyword `match`
[INFO] [stdout]    --> /opt/rustwide/cargo-home/git/checkouts/toml-rs-a5e9b18b5f3b02a6/8a3ba4c/src/serialization.rs:749:9
[INFO] [stdout]     |
[INFO] [stdout] 748 |         })
[INFO] [stdout]     |           - expected one of `.`, `;`, `?`, `}`, or an operator
[INFO] [stdout] 749 |         match self.field {
[INFO] [stdout]     |         ^^^^^ unexpected token
[INFO] [stdout] 
[INFO] [stdout] 
[INFO] [stdout] error: macros that expand to items must be delimited with braces or followed by a semicolon
[INFO] [stdout]    --> /opt/rustwide/cargo-home/git/checkouts/toml-rs-a5e9b18b5f3b02a6/8a3ba4c/src/serialization.rs:766:24
[INFO] [stdout]     |
[INFO] [stdout] 766 |       macro_rules! encode( ($t:expr) => ({
[INFO] [stdout]     |  ________________________^
[INFO] [stdout] 767 | |         let mut e = Encoder::new();
[INFO] [stdout] 768 | |         $t.encode(&mut e).unwrap();
[INFO] [stdout] 769 | |         e.toml
[INFO] [stdout] 770 | |     }) )
[INFO] [stdout]     | |________^
[INFO] [stdout]     |
[INFO] [stdout] help: change the delimiters to curly braces
[INFO] [stdout]     |
[INFO] [stdout] 766 |     macro_rules! encode{ ($t:expr) => ({
[INFO] [stdout] 767 |         let mut e = Encoder::new();
[INFO] [stdout] 768 |         $t.encode(&mut e).unwrap();
[INFO] [stdout] 769 |         e.toml
[INFO] [stdout] 770 |     }) }
[INFO] [stdout]     |
[INFO] [stdout] help: add a semicolon
[INFO] [stdout]     |
[INFO] [stdout] 770 |     }) );
[INFO] [stdout]     |         ^
[INFO] [stdout] 
[INFO] [stdout] 
[INFO] [stdout] error: macros that expand to items must be delimited with braces or followed by a semicolon
[INFO] [stdout]    --> /opt/rustwide/cargo-home/git/checkouts/toml-rs-a5e9b18b5f3b02a6/8a3ba4c/src/serialization.rs:772:24
[INFO] [stdout]     |
[INFO] [stdout] 772 |       macro_rules! decode( ($t:expr) => ({
[INFO] [stdout]     |  ________________________^
[INFO] [stdout] 773 | |         let mut d = Decoder::new($t);
[INFO] [stdout] 774 | |         Decodable::decode(&mut d).unwrap()
[INFO] [stdout] 775 | |     }) )
[INFO] [stdout]     | |________^
[INFO] [stdout]     |
[INFO] [stdout] help: change the delimiters to curly braces
[INFO] [stdout]     |
[INFO] [stdout] 772 |     macro_rules! decode{ ($t:expr) => ({
[INFO] [stdout] 773 |         let mut d = Decoder::new($t);
[INFO] [stdout] 774 |         Decodable::decode(&mut d).unwrap()
[INFO] [stdout] 775 |     }) }
[INFO] [stdout]     |
[INFO] [stdout] help: add a semicolon
[INFO] [stdout]     |
[INFO] [stdout] 775 |     }) );
[INFO] [stdout]     |         ^
[INFO] [stdout] 
[INFO] [stdout] 
[INFO] [stdout] error: macros that expand to items must be delimited with braces or followed by a semicolon
[INFO] [stdout]    --> /opt/rustwide/cargo-home/git/checkouts/toml-rs-a5e9b18b5f3b02a6/8a3ba4c/src/serialization.rs:777:21
[INFO] [stdout]     |
[INFO] [stdout] 777 |       macro_rules! map( ($($k:ident: $v:expr),*) => ({
[INFO] [stdout]     |  _____________________^
[INFO] [stdout] 778 | |         let mut _m = TreeMap::new();
[INFO] [stdout] 779 | |         $(_m.insert(stringify!($k).to_string(), $v);)*
[INFO] [stdout] 780 | |         _m
[INFO] [stdout] 781 | |     }) )
[INFO] [stdout]     | |________^
[INFO] [stdout]     |
[INFO] [stdout] help: change the delimiters to curly braces
[INFO] [stdout]     |
[INFO] [stdout] 777 |     macro_rules! map{ ($($k:ident: $v:expr),*) => ({
[INFO] [stdout] 778 |         let mut _m = TreeMap::new();
[INFO] [stdout] 779 |         $(_m.insert(stringify!($k).to_string(), $v);)*
[INFO] [stdout] 780 |         _m
[INFO] [stdout] 781 |     }) }
[INFO] [stdout]     |
[INFO] [stdout] help: add a semicolon
[INFO] [stdout]     |
[INFO] [stdout] 781 |     }) );
[INFO] [stdout]     |         ^
[INFO] [stdout] 
[INFO] [stdout] 
[INFO] [stdout] error: expected one of `.`, `;`, `?`, `}`, or an operator, found `try`
[INFO] [stdout]    --> /opt/rustwide/cargo-home/git/checkouts/docopt.rs-699d00e832c4f088/21ce119/src/parse.rs:286:9
[INFO] [stdout]     |
[INFO] [stdout] 285 |         try!(writeln!(f, "====="))
[INFO] [stdout]     |                                   - expected one of `.`, `;`, `?`, `}`, or an operator
[INFO] [stdout] 286 |         try!(writeln!(f, "Program: {}", self.program))
[INFO] [stdout]     |         ^^^ unexpected token
[INFO] [stdout] 
[INFO] [stdout] 
[INFO] [stdout] error: expected one of `.`, `;`, `?`, `}`, or an operator, found `try`
[INFO] [stdout]    --> /opt/rustwide/cargo-home/git/checkouts/docopt.rs-699d00e832c4f088/21ce119/src/parse.rs:929:9
[INFO] [stdout]     |
[INFO] [stdout] 928 |         try!(writeln!(f, "Positional: {}", self.positional))
[INFO] [stdout]     |                                                             - expected one of `.`, `;`, `?`, `}`, or an operator
[INFO] [stdout] 929 |         try!(writeln!(f, "Flags: {}", self.flags))
[INFO] [stdout]     |         ^^^ unexpected token
[INFO] [stdout] 
[INFO] [stdout] 
[INFO] [stdout] error: expected type, found `|`
[INFO] [stdout]   --> /opt/rustwide/cargo-home/git/checkouts/docopt.rs-699d00e832c4f088/21ce119/src/synonym.rs:38:40
[INFO] [stdout]    |
[INFO] [stdout] 38 |     fn with_key<T>(&self, k: &K, with: |&K| -> T) -> T {
[INFO] [stdout]    |                                        ^ expected type
[INFO] [stdout] 
[INFO] [stdout] 
[INFO] [stdout] error[E0463]: can't find crate for `serialize`
[INFO] [stdout]   --> /opt/rustwide/cargo-home/git/checkouts/toml-rs-a5e9b18b5f3b02a6/8a3ba4c/src/lib.rs:44:1
[INFO] [stdout]    |
[INFO] [stdout] 44 | extern crate serialize;
[INFO] [stdout]    | ^^^^^^^^^^^^^^^^^^^^^^^ can't find crate
[INFO] [stdout] 
[INFO] [stdout] 
[INFO] [stdout] error: aborting due to 107 previous errors
[INFO] [stdout] 
[INFO] [stdout] 
[INFO] [stdout] For more information about this error, try `rustc --explain E0463`.
[INFO] [stdout] 
[INFO] [stderr] error: could not compile `toml`
[INFO] [stderr] 
[INFO] [stderr] To learn more, run the command again with --verbose.
[INFO] [stderr] warning: build failed, waiting for other jobs to finish...
[INFO] [stdout] error[E0463]: can't find crate for `debug`
[INFO] [stdout]    --> /opt/rustwide/cargo-home/git/checkouts/docopt.rs-699d00e832c4f088/21ce119/src/lib.rs:196:1
[INFO] [stdout]     |
[INFO] [stdout] 196 | extern crate debug;
[INFO] [stdout]     | ^^^^^^^^^^^^^^^^^^^ can't find crate
[INFO] [stdout] 
[INFO] [stdout] 
[INFO] [stdout] error: aborting due to 51 previous errors
[INFO] [stdout] 
[INFO] [stdout] 
[INFO] [stdout] Some errors have detailed explanations: E0463, E0557.
[INFO] [stdout] 
[INFO] [stdout] For more information about an error, try `rustc --explain E0463`.
[INFO] [stdout] 
[INFO] [stderr] error: build failed
[INFO] running `Command { std: "docker" "inspect" "3da332e49b314fe0b5676ae86273a87ed57a410e54c6b438c0117a3e07a9832c", kill_on_drop: false }`
[INFO] running `Command { std: "docker" "rm" "-f" "3da332e49b314fe0b5676ae86273a87ed57a410e54c6b438c0117a3e07a9832c", kill_on_drop: false }`
[INFO] [stdout] 3da332e49b314fe0b5676ae86273a87ed57a410e54c6b438c0117a3e07a9832c
